{"id":2,"date":"2020-06-06T20:41:50","date_gmt":"2020-06-06T20:41:50","guid":{"rendered":"http:\/\/www.jessenkommunikation.dk\/?page_id=2"},"modified":"2024-03-02T11:28:56","modified_gmt":"2024-03-02T11:28:56","slug":"home","status":"publish","type":"page","link":"https:\/\/jessenkommunikation.dk\/index.php\/home\/","title":{"rendered":"Jessen Kommunikation"},"content":{"rendered":"\n<p>Jessen Kommunikation er dit sikre valg, n\u00e5r det drejer sig om strategisk kommunikation, pressearbejde, tekstbearbejdning og ikke mindst  krisekommunikation.<\/p>\n\n\n\n<p>Jessen Kommunikation ejes og drives af Kristian Jessen. Han har vundet en lang r\u00e6kke  priser for sine afsl\u00f8rende og unders\u00f8gende artikler og dokumentarprogrammer for medier s\u00e5som: TV2, DR, Fagbladet 3F, Ekstra Bladet, BT, Berlingske osv.<\/p>\n\n\n\n<p>Kristian Jessen har desuden arbejdet som kommunikationschef og r\u00e5dgiver for nogle af Danmarks st\u00f8rste firmaer og verdens mest anerkendte NGO &#8211; herunder ALDI Danmark, Peter Larsen Kaffe, Greenpeace, Fairtrade, AMGEN Denmark, Zebra A\/S (Tiger of Copenhagen), Purix Solar Cooling m.fl. <\/p>\n\n\n\n<p>Jessen Kommunikation har en klar code-of-conduct, som adskiller sig fra andre og v\u00e6sentligt dyrere bureauer. Hvis du hyrer Kristian Jessen &#8211; s\u00e5 f\u00e5r du Kristian Jessen. Intet bliver overladt til praktikanter, udliciteret eller sendt &#8216;videre i systemet&#8217;. Derfor kan du altid stole p\u00e5, at du f\u00e5r den bedste. <\/p>\n\n\n\n<p>Hjemmesiden er under udarbejdning &#8211; s\u00e5 kontakt mig p\u00e5: <a href=\"mailto:jessenkommunikation@gmail.com\">jessenkommunikation@gmail.com<\/a>  \/ 45 20762385<\/p>\n\n\n\n<p><\/p>\n","protected":false},"excerpt":{"rendered":"<p>Jessen Kommunikation er dit sikre valg, n\u00e5r det drejer sig om strategisk kommunikation, pressearbejde, tekstbearbejdning og ikke mindst krisekommunikation. Jessen Kommunikation ejes og drives af Kristian Jessen. Han har vundet en lang r\u00e6kke priser for sine afsl\u00f8rende og unders\u00f8gende artikler og dokumentarprogrammer for medier s\u00e5som: TV2, DR, Fagbladet 3F, Ekstra Bladet, BT, Berlingske osv. Kristian [&hellip;]<\/p>\n","protected":false},"author":1,"featured_media":0,"parent":0,"menu_order":0,"comment_status":"closed","ping_status":"open","template":"","meta":[],"_links":{"self":[{"href":"https:\/\/jessenkommunikation.dk\/index.php\/wp-json\/wp\/v2\/pages\/2"}],"collection":[{"href":"https:\/\/jessenkommunikation.dk\/index.php\/wp-json\/wp\/v2\/pages"}],"about":[{"href":"https:\/\/jessenkommunikation.dk\/index.php\/wp-json\/wp\/v2\/types\/page"}],"author":[{"embeddable":true,"href":"https:\/\/jessenkommunikation.dk\/index.php\/wp-json\/wp\/v2\/users\/1"}],"replies":[{"embeddable":true,"href":"https:\/\/jessenkommunikation.dk\/index.php\/wp-json\/wp\/v2\/comments?post=2"}],"version-history":[{"count":2,"href":"https:\/\/jessenkommunikation.dk\/index.php\/wp-json\/wp\/v2\/pages\/2\/revisions"}],"predecessor-version":[{"id":83,"href":"https:\/\/jessenkommunikation.dk\/index.php\/wp-json\/wp\/v2\/pages\/2\/revisions\/83"}],"wp:attachment":[{"href":"https:\/\/jessenkommunikation.dk\/index.php\/wp-json\/wp\/v2\/media?parent=2"}],"curies":[{"name":"wp","href":"https:\/\/api.w.org\/{rel}","templated":true}]}}